07. Suppose z = -200*d + 201*d. Is d prime?
True
Let i(d) = 4*d**2 - 7*d + 4. Let s be i(2). Is (s - 101)*38/(-10) composite?
True
Let j = 43 + -40. Let b be (6/7)/(j/21). Is b/2 - (-8766)/9 a prime number?
True
Let t = 140 - 318. Let b = t - -335. Is b prime?
True
Let j(z) = 3*z - 23. Let m be j(9). Suppose 5*g = 2*y - 123, m*y + g - 294 = -y. Is y prime?
True
Let c(l) = -l**3 + 6*l**2 - 6*l + 7. Let h be c(5). Suppose 505 = -7*b + h*b. Let j = b - -198. Is j a composite number?
False
Let l(r) = -r + 7. Let f(k) = -k**3 - 7*k**2 - 8*k - 3. Let a be f(-6). Let y be l(a). Is 114 + 6 + (y - -1) a composite number?
True
Suppose -5*l + 161 = 4*d, 3*l - 38 = 2*l + 5*d. Let x = l + 56. Is x composite?
False
Let v(u) = -3*u. Let k be v(-1). Let l be 0 - k - (0 + 3). Let z(h) = -h**2 - 8*h - 6. Is z(l) a composite number?
True
Is 2/((-77256)/425634 + 2/11) prime?
True
Let y be 6/(-4)*(-70)/21. Suppose 0 = h + l - 296, -2*h + y*l + 571 = -0*h. Is h composite?
False
Let c(n) = -480*n + 11. Is c(-24) a prime number?
False
Let b be -14 - -20 - (-2)/((-4)/6). Is 82/6*b - 4 composite?
False
Suppose 2*a - a = 5. Suppose -a*j + 4*n + 12 = 0, 4*n + 12 = -2*j - 0. Suppose -20 = 4*y - 3*t - 153, j = -2*y + 4*t + 54. Is y composite?
False
Suppose -24*l = -17*l - 20489. Is l a composite number?
False
Let g be 28/(-2) + (2 - 0). Let t(x) = 17*x**2 + 12*x + 13. Is t(g) a prime number?
False
Suppose 0 = 5*b - 4*s - 255665, -19565 - 82704 = -2*b + s. Is b a prime number?
True
Let o(b) = -118*b - 109. Is o(-11) composite?
True
Let v = -662 + 1247. Let o be v + 1/(1 - 2). Suppose -o = -2*c + 86. Is c prime?
False
Let l be (0 + -9)*(-1)/((-1)/(-9)). Is -4 - (l + 2)*-1 a composite number?
False
Let l be 522 - 4 - (-1 + -1). Let u = -263 + 78. Let j = u + l. Is j prime?
False
Let f(t) = t**3 + 2*t - 1 - 6 - 3*t**2 + 1 + 3. Let c be f(3). Suppose 4*w - c*b + 27 = 163, 2*w + 5*b = 94. Is w composite?
False
Let g(o) = 51*o**2 - o - 57. Is g(5) composite?
False
Let f(i) = -i**2 + 9*i - 3. Let q be f(8). Suppose -q*h + 389 = -386. Is h composite?
True
Let n be -3*(-3 + 4) + 3. Suppose -q + 210 - 75 = n. Suppose 2*b - 235 = q. Is b a prime number?
False
Suppose -9*x + 5728 + 2858 = 0. Let r = x + -545. Is r prime?
True
Let u be 2/(-3) - (1 - 96/9). Let x be (-4)/(-14) - 8919/(-21). Suppose -4*t + u*t - x = 0. Is t prime?
False
Suppose -5*t = -d + 15 + 6, 2*t + 5*d = -3. Let m be 6/t*(-220)/33. Suppose m = -5*c, -2*p + 3*c - 5 = -3*p. Is p composite?
False
Let a be (6/9)/((-6)/(-21015)). Suppose 10*m + a = 15*m. Is m a prime number?
True
Suppose 545 = g - x - 3355, 0 = 3*g + 5*x - 11692. Is g a prime number?
False
Let d(o) = -3*o**3 + 7*o**2 + 5. Let u(w) = -w**3 - 7*w**2 + 11*w + 18. Let s be u(-8). Let n be d(s). Suppose a - n = -114. Is a prime?
False
Suppose -2*u = -5*i - 12731, -12701 = -11*u + 9*u - i. Is u a composite number?
False
Suppose 9*q + 409 - 2947 = 0. Suppose p - 5*i = q, 0 = 5*p + 2*i + i - 1438. Is p prime?
False
Is (-88)/(-22) + (2 - -6683) prime?
True
Suppose -q + 1 = 5*s - 17, 0 = -2*s + 5*q - 9. Let v be 10 + -9 - s/(-1). Is (931/(-14))/((-2)/v) prime?
False
Let q(f) = 29*f**2 + 3*f + 13. Suppose 0 = 5*o + 5*b - 70, -8 = -2*o + 2*b - 0. Is q(o) composite?
False
Suppose -3*u + 2*u = h + 2, u + 20 = 5*h. Suppose -r - h*a = -74 - 39, 5*a + 129 = r. Is r a composite number?
True
Is 33895/2*((-14)/(-5))/7 composite?
False
Let k(j) = 14 + 25*j**3 + 9*j + 12 - 25. Is k(4) a prime number?
True
Suppose -2*l = 5*g - 10, -g + 5*l + 3 = 1. Let b(k) = 14*k**2 - 2*k + 3. Is b(g) a composite number?
True
Suppose 3*n = 4*n - 3. Suppose -y + 328 = y + 3*d, -n*y + 4*d = -458. Is y prime?
False
Is 3*(-2 - -2 - 3084/(-36)) composite?
False
Is (6/9 + (-67186)/6)/(-1) a prime number?
True
Let g be -499*(-1 + (-2 - -2)). Let w = g + 506. Suppose 6*j = 3*j + w. Is j composite?
True
Let d = -24 - -24. Suppose -3*o + g + 1222 + 1449 = d, 4*g = -16. Is o composite?
True
Let k(d) = 28*d - 3. Let x be ((-4)/(-3))/(4/6). Suppose h = 2 + x. Is k(h) a prime number?
True
Let x = -2023 + 13050. Is x prime?
True
Suppose -44*n = -50*n + 9858. Is n a composite number?
True
Let u(g) = -31*g**3 - 8*g**2 - 13*g - 16. Let y(x) = -21*x**3 - 5*x**2 - 9*x - 11. Let r(v) = 5*u(v) - 7*y(v). Is r(-4) a prime number?
False
Suppose 3*j = i - 322, -3*i + 5*i + 5*j - 611 = 0. Suppose n = i + 133. Is n prime?
False
Suppose 21*u + 40 = 26*u. Is (-4)/u + (-1628)/(-8) a composite number?
True
Let i(a) = 2*a + 22. Let u be i(-11). Suppose -r - 676 = -k, u*r = 4*k + r - 2689. Is k a composite number?
False
Let u = 553 - -248. Let d be 3/(-3)*-3 + u. Is ((-1)/(-3))/(2/d) composite?
True
Let t be -6 - (-7)/(14/4). Is 491 - (t - (2 + -6)) a prime number?
True
Let b(h) = 4*h**2 - 4*h + 7. Let o be b(9). Let i = o - 172. Is i prime?
False
Let c be (-18 + 0 - 2) + 2. Let v be (-18)/4*(c - 2). Let n = 203 + v. Is n a prime number?
True
Let f be 33/9 - (-2)/(-3). Suppose -o = m - 1 - 2, -f*m - 31 = -5*o. Suppose o*p = 265 + 160. Is p composite?
True
Let h be ((-4)/3 + 5/15)*2887. Let x = -1320 - h. Is x a prime number?
True
Is (4 - 2)*3643*15/30 a composite number?
False
Let y(k) = k**2 + 12*k + 13. Let z be y(-11). Suppose z*t = 6*t - 260. Is t prime?
False
Let t(n) = -4*n**3 + 9*n**2 + 4*n + 10. Let c(l) = -3*l**3 + 10*l**2 + 5*l + 11. Let m(s) = -6*c(s) + 7*t(s). Is m(-3) a prime number?
True
Suppose 2*u + b = 154, -u + 26 + 51 = 5*b. Suppose -4*d = 25 - u. Is (d/3)/(2/30) prime?
False
Let h be (-1238)/(-4) + 3/2. Suppose -d - h - 20 = -2*i, -855 = -5*i - 3*d. Let z = 83 + i. Is z a prime number?
True
Let z(c) = -133*c - 106*c - 3 - 304*c - 116*c. Let p be z(-2). Suppose v = -5*d + 447, -2*d + 4*d = -3*v + p. Is v a composite number?
True
Let g(k) = -k**3 - 20*k**2 + 16*k - 26. Let p be g(-16). Let d = p - -2255. Is d a composite number?
True
Let h be 1128/8*-7*24/(-9). Suppose -3*q - h = -11*q. Is q prime?
False
Let l(r) be the third derivative of 17*r**7/1008 - r**6/240 - r**5/30 + 5*r**2. Let z(m) be the third derivative of l(m). Is z(2) prime?
True
Let q(w) = 2*w + 411. Let y be q(0). Let h = y + -266. Is h a composite number?
True
Is 1*2/(-6) - (-952176)/36 composite?
False
Let c = 1210 + -717. Is c composite?
True
Let y(c) = -28*c + 2. Let a(p) = 29*p - 2. Let m = 13 + -16. Let d(b) = m*a(b) - 4*y(b). Is d(1) prime?
True
Let q(d) = -2*d + 9 - 5*d + 0*d + 2*d**2. Let x be q(-8). Let y = x - 106. Is y a composite number?
True
Suppose -7*j + 19 = 5. Let b be (-3)/j*(-24)/9. Suppose -b*t + 3*w = -461, 4*w + 391 = -5*t + 944. Is t prime?
True
Let p(i) = 2*i**3 - 4*i**2 - 3*i + 8. Let z be p(-6). Let x = -285 - z. Is x prime?
False
Is ((-9582)/14)/(10/(-70)) composite?
True
Is (-86443875)/(-1155) - -3*(-2)/33 a prime number?
True
Let y = -550 + 921. Let o = y - 186. Let l = -100 + o. Is l a composite number?
True
Suppose -13*q + 52*q = 518037. Is q composite?
True
Let n be (-3)/(76/16 - 4). Is 420 + (0 - (7 + n)) a prime number?
False
Suppose 3*q + q = 60. Let c(w) be the third derivative of w**4/4 + 16*w**3/3 - 374*w**2. Is c(q) a prime number?
False
Suppose -b = 7 - 3. Is 316/1*(-2)/b a composite number?
True
Let c = -2148 + 9047. Is c a prime number?
True
Let o be (56/(-20))/(2/10). Is o/77 + (-8428)/(-11) prime?
False
Suppose 4*q - 120664 = -q - 3*r, 0 = -2*q - 2*r + 48268. Is q prime?
False
Let v(b) = -2*b - 1. Let f be v(-1). Let l be -5 + 9 + -3*f. Is 1952/12 - l/(-3) a composite number?
False
Suppose -1056 = 3*h - 3129. Is h a composite number?
False
Let r be (6/(-3))/(6/(-3693)). Suppose -i - 5*p + r = 0, 4*p = 12 - 0. Suppose 2*z - i - 186 = 0. Is z a composite number?
False
Let w = -286 + -374. Let k = w - -1141. Is k composite?
True
Let y(w) = 99*w - 5. Is y(8) a prime number?
True
Let u(f) = 35*f**2 - 9*f + 10. Let h be u(7). Let q = h - 545. Is q prime?
True
Let f(j) = -j**3 - 13*j**2 - 4*j + 1. Let l(o) = o**2 + 9*o - 13. Let a = 5 - 14. Let m be l(a). Is f(m) composite?
False
Let k be 2 + 2 + 2/(-2). Suppose -4*a = 3*t - 2078, -k*a + 0*t = -3*t - 1569. Is a prime?
True
Suppose 5*x - 2*x = 12, 5*u + 2*x = 78. Is 4/u + (-48)/(-28) - -29 prime?
True
Let i be ((-6)/4)/((-12)/8848). Suppose 2*y + 3*b = 0, -3*b + 4*b = -y + 1. Suppose 0 = -2*w - 3*r + i, 0 = -y*w + r + 1742 - 83. Is w prime?
False
Let a